6
Let t(w) = w**2 - 31*w + 9. Determine t(31).
9
Let m(k) = 17*k + 52. Determine m(-4).
-16
Let b(v) = -v**2 + 9*v - 14. What is b(7)?
0
Let c(b) = b**3 + 18*b**2 + 17*b - 3. Determine c(-17).
-3
Let p(a) = 7*a + 7. What is p(1)?
14
Let d(r) = -47*r - 329. Determine d(-7).
0
Let j(q) = -q**2 - 2*q - 3. Determine j(-3).
-6
Let d(f) = f**2 - 15*f + 48. Calculate d(11).
4
Let y(g) = g**3 + 3*g**2 + 4*g + 3. Determine y(-3).
-9
Let v(w) = -5*w - 75. What is v(-4)?
-55
Let y(n) = -2*n**2 - 9*n + 23. Give y(-7).
-12
Let l(a) = -a**3 - 11*a**2 + 29*a + 26. Determine l(-13).
-13
Let c(o) = -o**2 - 31*o + 172. Calculate c(-36).
-8
Let q(n) = -46*n - 257. Calculate q(-6).
19
Let v(f) = -f**3 - 2*f**2 + f - 1. Give v(-3).
5
Let k(c) = -14*c + 7. What is k(1)?
-7
Let v(j) = j**3 + 3*j**2 + 6*j - 10. Determine v(3).
62
Let j(w) = -w**3 - 8*w**2 + 2*w + 19. Determine j(-8).
3
Let x(y) = 13*y. Give x(-5).
-65
Let j(p) = -p**3 + 5*p + 4. Determine j(-3).
16
Let p(r) = r**2 - 2*r - 3. Calculate p(-3).
12
Let u(w) = -w**3 + 7*w**2 + 11*w - 1. What is u(8)?
23
Let f(h) = 2*h + 24. Calculate f(-14).
-4
Let g(d) = -4*d + 2. Calculate g(6).
-22
Let s(q) = -9*q + 149. Give s(16).
5
Let c(w) = -w**3 + 5*w**2 - 3*w - 2. Give c(4).
2
Let m(f) = -13*f**2 + f - 1. Determine m(1).
-13
Let y(n) = -2*n**2 + 23*n + 3. Determine y(12).
-9
Let v(q) = -2*q**2 - 15*q + 7. Give v(-11).
-70
Let h(z) = -53*z + 95. Calculate h(3).
-64
Let h(r) = -r + 10. Determine h(7).
3
Let q(y) = y**3 + 4*y**2 + 8*y + 3. Calculate q(-4).
-29
Let l(r) = -2*r + 8. What is l(3)?
2
Let h(k) = 3*k - 18. What is h(7)?
3
Let f(w) = -w**3 - 15*w**2 + 10. Calculate f(-15).
10
Let r(n) = -4*n - 16. Calculate r(-8).
16
Let c(p) = 4*p**2 + 11*p + 8. Calculate c(-6).
86
Let n(h) = h**2 + 3*h - 1. Give n(-4).
3
Let g(x) = x**3 - 3*x**2 + 8*x - 13. Determine g(6).
143
Let z(h) = -2*h**2 + 6*h - 14. Give z(5).
-34
Let u(z) = z**2 + 14*z + 46. Give u(-9).
1
Let j(z) = -z**2 + 19*z - 13. What is j(14)?
57
Let n(g) = 8*g - 31. Determine n(4).
1
Let f(j) = 2*j**2 + 33*j - 3. Determine f(-16).
-19
Let c(b) = -b - 1. Determine c(4).
-5
Let n(i) = -2*i**2 + 41*i + 108. Give n(24).
-60
Let j(k) = 2*k**2 + 20*k + 4. Give j(-10).
4
Let i(r) = -r**3 + 6*r**2 + 10*r - 17. Calculate i(7).
4
Let u(l) = 30*l. Calculate u(1).
30
Let n(y) = y**2 - 8*y - 8. What is n(6)?
-20
Let i(h) = 9*h**3 - h**2 - 4*h + 4. What is i(2)?
64
Let b(l) = -35*l**2 - 457*l - 8. What is b(-13)?
18
Let o(t) = t**2 + 47*t + 203. Calculate o(-4).
31
Let q(h) = -h**2 - 4*h + 8. Determine q(-5).
3
Let n(m) = 29*m - 106. Give n(4).
10
Let t(a) = -a**3 + 8*a**2 + 3*a. Determine t(9).
-54
Let q(l) = l**3 - 4*l**2 - 13*l + 11. Give q(6).
5
Let c(d) = -2*d - 3. What is c(-3)?
3
Let v(m) = m**2 - 3*m + 1. What is v(3)?
1
Let u(q) = 11*q + 47. Determine u(0).
47
Let s(u) = -u**3 - 13*u**2 - 22*u + 4. Determine s(-11).
4
Let q(y) = y**2 + 3*y - 2. Calculate q(-2).
-4
Let z(i) = -7*i + 5. Calculate z(-1).
12
Let n(w) = w + 4. Calculate n(-9).
-5
Let k(x) = x**3 - 5*x**2 + 5*x - 6. Calculate k(5).
19
Let w(f) = -12*f**2 - 1. Determine w(-1).
-13
Let j(g) = 30*g - 10. Determine j(2).
50
Let b(x) = -x**2 + 91*x + 481. Determine b(-5).
1
Let s(i) = i**3 - i**2 - 5*i + 3. What is s(3)?
6
Let f(x) = -44*x + 120. Calculate f(4).
-56
Let q(k) = 13*k - 148. Give q(12).
8
Let l(a) = -8*a - 7. What is l(-5)?
33
Let c(a) = -8*a**3 - 6*a**2 - 3*a. Determine c(-2).
46
Let s(i) = -i**2 + 8. What is s(4)?
-8
Let j(x) = 19*x + 9. Determine j(0).
9
Let p(z) = -z**2 + 5*z. What is p(7)?
-14
Let v(x) = x**3 + 5*x**2 + x + 7. Give v(-5).
2
Let j(a) = -5*a**3 - 2*a**2 + 1. Give j(-1).
4
Let z(i) = -i**2 + 2*i - 6. Determine z(-11).
-149
Let o(q) = -2*q + 71. What is o(30)?
11
Let k(s) = s - 8. Give k(-9).
-17
Let o(a) = 2*a**2 + 70*a + 60. Calculate o(-34).
-8
Let r(j) = -j**3 - 8*j**2 + 7*j - 15. What is r(-9)?
3
Let u(l) = -2*l - 4. Determine u(-6).
8
Let z(p) = p**2 + 29*p + 172. What is z(-21)?
4
Let c(n) = -n**3 - 20*n**2 - 17*n - 21. Calculate c(-19).
-59
Let v(y) = -2*y + 23. Give v(-18).
59
Let m(h) = h**2 + 3*h + 12. Calculate m(-5).
22
Let d(t) = 4*t + 1. Give d(-7).
-27
Let z(p) = -4*p**2 - 2. Give z(-1).
-6
Let b(g) = -g**3 + 5*g**2 + 4. Determine b(5).
4
Let q(f) = 3*f**2 + 67*f + 143. Give q(-20).
3
Let u(l) = -2*l**2 + 7*l + 12. What is u(5)?
-3
Let w(c) = 8*c**3 + 1. Determine w(1).
9
Let l(h) = 29*h - 172. Determine l(6).
2
Let s(d) = -5*d + 8. What is s(-4)?
28
Let l(z) = 6*z + 1. Determine l(2).
13
Let l(o) = 9*o**2 + 2*o - 1. What is l(1)?
10
Let z(x) = -x - 14. What is z(-8)?
-6
Let n(c) = -4*c - 20. Determine n(-4).
-4
Let g(o) = o**3 - 15*o**2 - 5*o - 21. What is g(15)?
-96
Let c(n) = -2*n - 19. Determine c(-6).
-7
Let o(c) = 20*c - 106. Calculate o(5).
-6
Let j(h) = -h**3 - 7*h**2 + 5*h - 2. Calculate j(-7).
-37
Let a(v) = -21*v + 15. Determine a(6).
-111
Let m(j) = 7*j**2 + j + 2. Give m(-1).
8
Let z(v) = v**2 - 6*v - 18. Calculate z(6).
-18
Let q(k) = -k - 32. Give q(-12).
-20
Let c(s) = s**3 + 10*s**2 - 5*s - 38. Determine c(-10).
12
Let t(d) = -d**2 - 16*d - 20. Determine t(-14).
8
Let y(b) = b**3 - 16*b**2 + 63*b - 95. What is y(11)?
-7
Let u(o) = -o**3 + 6*o**2 + 6*o + 16. Calculate u(7).
9
Let f(x) = x**3 + 29*x**2 + 27*x - 34. Calculate f(-28).
-6
Let x(g) = g - 4. Give x(3).
-1
Let a(y) = y**3 + 3*y**2 - 7*y - 4. Calculate a(-5).
-19
Let g(f) = -f**2 + 15*f - 39. Give g(11).
5
Let y(d) = -d**2 - 50*d - 182. Calculate y(-46).
2
Let i(l) = -l**3 + 17*l**2 - 40*l - 29. What is i(14)?
-1
Let j(y) = 2*y**2 + 78*y - 14. What is j(-39)?
-14
Let u(j) = 10*j - 145. What is u(15)?
5
Let l(z) = -z**3 + 12*z**2 + 7*z - 176. Give l(11).
22
Let i(n) = n**2 - 6*n - 5. What is i(5)?
-10
Let a(f) = 19*f - 77. Calculate a(6).
37
Let a(g) = g**2 + 13*g + 24. What is a(-12)?
12
Let i(x) = -5*x + 50. What is i(10)?
0
Let m(p) = -p + 13. Determine m(10).
3
Let x(g) = -2*g**2 - 9*g - 9. What is x(-5)?
-14
Let b(n) = -n + 4. Calculate b(6).
-2
Let s(m) = -5*m - 9. Give s(1).
-14
Let c(a) = -a**2 - 6*a + 13. Calculate c(-14).
-99
Let w(q) = -q + 25. Determine w(31).
-6
Let x(o) = o - 1. Give x(15).
14
Let j(u) = -19*u + 107. Calculate j(6).
-7
Let q(c) = -7*c + 63. Calculate q(6).
21
Let r(j) = -2*j + 10. Calculate r(10).
-10
Let r(d) = -d**2 - 9*d - 9. Determine r(-6).
9
Let x(c) = -c**3 + 3*c**2 - c - 2. Determine x(0).
-2
Let h(n) = n**3 - 10*n**2 + 9*n + 18. Give h(9).
18
Let w(g) = 2*g. Give w(5).
10
Let w(u) = -3*u**2 - u + 2. Calculate w(-2).
-8
Let t(g) = g**2 - 16*g + 33. Calculate t(13).
-6
Let j(u) = 10*u**2 + 5*u + 3. Calculate j(-1).
8
Let u(x) = -x**3 + x**2 + 3*x + 2. Give u(3).
-7
Let c(h) = 33*h**2 + 5*h + 6. Give c(-1).
34
Let m(g) = 2*g - 43. Give m(12).
-19
Let z(o) = 2*o**3 - 5*o**2 + 3*o - 3. What is z(3)?
15
Let k(z) = z**2 + 32*z + 75. Determine k(-30).
15
Let y(x) = -x**2 - 4*x + 3. Calculate y(10).
-137
Let n(j) = -j**3 - 8*j**2 - 9*j + 10. Calculate n(-6).
-8
Let o(w) = -w**2 - 11*w + 13. Determine o(-12).
1
Let s(f) = 2*f**3 + 11*f**2 - 12*f - 24. What is s(-5)?
61
Let w(q) = -q**2 + 4*q + 4. Determine w(5).
-1
Let g(n) = 2*n - 18. Give g(14).
10
Let g(l) = l**3 + 2*l**2 + 5*l + 4. Determine g(-2).
-6
Let r(c) = c**2 + 4*c + 10. What is r(-3)?
7
Let u(w) = w**3 - 7*w**2 + 18. Determine u(7).
18
Let f(t) = -4*t**2 - 6*t - 5. Calculate f(-6).
-113
Let c(d) = -4*d**3 - 2*d**2 + 5*d - 3. Determine c(2).
-33
Let m(i) = 4*i - 3. What is m(4)?
13
Let v(q) = -3*q + 16. Determine v(7).
-5
Let i(k) = k**2 - 7*k. Determine i(7).
0
Let u(m) = -m**2 - 14*m - 26. Determine u(-13).
-13
Let m(p) = -p + 28. Calculate m(3).
25
Let b(r) = -r + 44. Give b(-3).
47
Let f(j) = j**2 - 4*j - 78. What is f(-7)?
-1
Let c(z) = 12*z + 1. Calculate c(1).
13
Let m(k) = 6*k + 18. Determine m(-10).
-42
Let m(f) = -2*f**2 - f + 7. Determine m(-3).
-8
Let h(u) = u**2 - 6. Calculate h(-4).
10
Let p(v) = v**3 + 28*v**2 + 31*v + 94. Give p(-27).
-14
Let l(h) = -3*h + 3. Calculate l(2).
-3
Let h(l) = 8*l**2 - 16*l - 4. What is h(3)?
20
Let j(r) = r**3 - 3*r**2 - 10*r + 4. Determine j(5).
4
Let b(c) = -20*c**3 + c**2 + 2*c + 2. Calculate b(-1).
21
Let m(d) = -d**3 - 23*d**2 + 23*d - 29. Calculate m(-24).
-5
Let c(y) = 3*y**2 + y - 2. Determine c(0).
-2
Let c(p) = p**3 + 2*p**2 - 16*p